 = -3*h + 9. Let m(o) = -o**3 + o**2 - 2*o. Let f be m(0). Let s be i(f). Suppose 2*r = 63 + s. What is the tens digit of r?
3
Let s(y) = -2*y**3 - 6*y**2 + 5*y - 8 - 2*y**3 - 15*y + 2. Let n be s(-6). What is the hundreds digit of 13/(n/12) - (-1904)/18?
1
Let h(f) = f**3 - 7*f**2 + 3. Let n be h(7). Suppose -3 = -5*t + 2*t + n*i, -6 = 3*i. Let p = t + 7. What is the units digit of p?
6
Suppose 310 = 18*a + 13*a. What is the tens digit of a?
1
Let v = -13395 - -18815. What is the hundreds digit of v?
4
Let p(o) be the first derivative of 47*o**3/3 + 3*o**2 - 8*o - 13. Let x be p(4). Suppose 4*b + 28 - x = 0. What is the hundreds digit of b?
1
Let u(i) = i**3 - 2*i**2 - 5*i - 5. Let z = -44 + 43. Let w be z/((-2 + 3)/(-5)). What is the units digit of u(w)?
5
Suppose -388*i + 20758 = 395*i - 782*i. What is the thousands digit of i?
0
Let g = 8 - 11. Let i be 2615*1/15 - 1/3. Let j = i - g. What is the units digit of j?
7
Suppose -14*t = -10*t - 48. Let h be ((-1)/(-3)*(t + -18))/(-1). Suppose h*o - 245 = -3*o. What is the units digit of o?
9
Let n(u) = -u**2 + 9*u - 11. Let v = 101 + -87. Suppose -w = -3*w + v. What is the units digit of n(w)?
3
Let g = -11 + 163. Let h = g - -204. What is the units digit of h?
6
Let h(u) = u + 35. Let r be h(-20). Suppose -4*j - 4982 = -3*y, -r = 122*j - 119*j. What is the tens digit of y?
5
Let r(w) = w**2 - w + 393. Suppose 0*k + 3*k = -5*d + 5, 0 = -2*k - 3*d + 3. What is the units digit of r(k)?
3
Suppose 16*z + 211 = -221. Let b(a) = a**2 + 9*a - 17. What is the hundreds digit of b(z)?
4
Suppose o - 37356 = -3*l, -4*o + 65670 + 83676 = -l. What is the ten thousands digit of o?
3
Suppose 4*j - 3*f - 1933 = 0, 968 = 2*j - 0*j - 2*f. Let h = j + -201. What is the units digit of h?
0
Suppose -10*v = -45917 - 58823. What is the ten thousands digit of v?
1
Let y = -11256 + 11446. What is the tens digit of y?
9
Let h be 5384/2*(10 - 190/20). Let c = h + -515. What is the tens digit of c?
3
Let i = -8 + 11. Let b be 4 + (-2 - (3 - 5)). Suppose 0 = -3*k + 3*o + 107 + 88, -160 = -i*k - b*o. What is the units digit of k?
0
Suppose 130*r + 18 = 133*r. Suppose -r*i + 11*i = 20. Suppose -4*j + 5*x + 387 = 0, -i*x - 384 = -4*j - 0*j. What is the units digit of j?
3
Let p = 10 - -7. Suppose 4*l + 0*z - p = -z, -3*l = z - 13. What is the units digit of 127*l*3/12?
7
Suppose 14*d = 10*d + 100. Suppose d*p - 27*p + 6 = 0. Suppose -2 = -n - 5*c + 10, 5*n + p*c - 126 = 0. What is the units digit of n?
7
Let a be 2 - 0 - (2 - (-5 + 4)). Let w be 8/3 - 1 - a/3. Suppose -s + 4*o = -72, 2*o = s - w*s + 84. What is the units digit of s?
0
Let y be 63492/(-54) + (-16)/72. Let d = y + 1694. What is the tens digit of d?
1
Let r(z) = -9*z + 4010. Let w be r(0). Suppose j = -4*d + 3209, 5*d + 0*j - w = -j. What is the tens digit of d?
0
Suppose -7*g + 4*n + 98176 = n, -5*g + 2*n + 70126 = 0. What is the thousands digit of g?
4
Suppose -14*p - 15103 = -3119. Let b = 1111 + p. What is the tens digit of b?
5
Let a = 7776 + -6966. What is the units digit of a?
0
Let s be 0 + (-7 - -11) + 5873. Suppose 64*h + s = 73*h. What is the hundreds digit of h?
6
Suppose 0 = -2*i - 5*t + 58, 0 = -4*i - t + 205 - 35. What is the units digit of i?
4
Suppose 0 = -3*k + 36 + 39. Let w be (k - 1) + (-6)/(-2). Let y = w - -53. What is the tens digit of y?
8
Let q(n) = 3*n**3 - 46*n**2 - 47*n + 102. What is the hundreds digit of q(29)?
2
Let a = -28 - -29. Let i be (-1)/(a/(-3*9)). What is the tens digit of (-1 + 4 - 1)*(i - 1)?
5
Let f(m) = 17*m**2 + 3*m + 5. Let w = -4 + 21. Let p = w + -19. What is the tens digit of f(p)?
6
Let t(c) = -2*c**2 + 13*c + 26. Let o be t(8). Suppose -o*g - 5*v = -2815, 14*g - 15*g - 3*v + 1409 = 0. What is the units digit of g?
0
Let x(j) = -68*j - 110. Let f be x(-23). Suppose 2*a - 3*n + 2*n = f, a = n + 728. What is the hundreds digit of a?
7
Let x = 5012 - 4399. What is the hundreds digit of x?
6
Let q = -668 + 677. Suppose 4*c = -3*u + 1101, -5*c + q*c = -12. What is the tens digit of u?
7
Suppose 3 + 24 = -9*n. Let z be 12/9 + 49/n. What is the tens digit of (-906)/z - 2/5?
6
Let l(m) = 2*m**2 - 23*m - 33. Let u be l(13). Suppose -5*w = -10*d + u*d - 3818, w - 775 = -3*d. What is the hundreds digit of w?
7
Suppose 6*o + 3822 = 12*o. Let m = o - 444. What is the hundreds digit of m?
1
Let h(u) = -u**3 - 4*u**2 - 2*u - 6. Let b be h(-4). Let s(m) = -1 + 3 - 5 - 7 - 4*m + m**b. What is the units digit of s(-12)?
2
Let f(v) = -7*v**2 - 60*v - 17. Let b be f(-8). Suppose 10*n = b*n - 2730. What is the tens digit of n?
4
Suppose 14*c = 18*c + 12. Let u be c + (2 - -5) + 0 + 0. Suppose -8*m + 3*m + 345 = -2*p, -u*m + 276 = p. What is the units digit of m?
9
Suppose 4*m - m + m = 0. Suppose 2*v = b, m = 4*v - 7*b + 2*b. Suppose -5*q - 455 = -5*p, v = -0*p + 3*p + 4*q - 273. What is the tens digit of p?
9
Let x be (-1*1/4)/((-2)/16). Suppose -14 = -5*i + x*v, 2*i - 2*v - 14 = 3*v. Suppose 4*p - 2*l = 264, i*l = -5*p - 0*l + 348. What is the units digit of p?
8
Let m(f) be the first derivative of -65*f**4/4 + 2*f**3/3 + f**2 + f - 1. Let c be -5 + (-4)/3*-3. What is the tens digit of m(c)?
6
Let a = 138291 + -98513. What is the units digit of a?
8
Let c = -42206 - -97233. What is the hundreds digit of c?
0
Let b(j) = -653*j**3 + 9*j**2 + 21*j + 21. What is the units digit of b(-3)?
0
Let u(n) = 5*n**3 + 6*n**2 - 2*n. Let j be 4 - (0 - (-3 - (-4)/1)). What is the hundreds digit of u(j)?
7
Suppose -w + 5*w - 2 = -5*q, q = 4*w - 14. Suppose -4*m + w*v = -6417, 0*m - 2*v - 4813 = -3*m. What is the thousands digit of m?
1
Suppose -19*l + 628202 + 206852 + 239681 = 0. What is the thousands digit of l?
6
Suppose -5*i - 2*l - 1359 - 1200 = 0, 2*l - 519 = i. What is the units digit of i/(-6)*(-2 - (-8)/3)?
7
Let p = 63 - -94. Suppose o = 35 + p. What is the units digit of o?
2
What is the thousands digit of 6/(-3)*(-12 - (-80750)/(-20))?
8
Let q be -5 + 4 - -3 - -329. Suppose -n = -4*i + 337, -i - 3*i + 3*n = -q. What is the tens digit of i?
8
Let f(z) = 13*z**2 + 7*z - 8. Let p be f(1). Suppose -38815 = -p*w - 23*w. What is the tens digit of w?
0
Suppose 5634 = 9*m - 4*m - 1331. What is the hundreds digit of m?
3
Let p be (0/(-1) + -11)*(-7)/7. Suppose p*u - 20*u = -3492. What is the tens digit of u?
8
Suppose 4*s = 9*s - 80. Let u(g) = -g**2 + 22*g - 1. Let q(a) = -a**2 + 23*a - 2. Let m(v) = -6*q(v) + 7*u(v). What is the units digit of m(s)?
5
Let v be (6/(-1) - -2)/(-2). Suppose 3*g + 14*j - 7261 = 7*j, 0 = -5*g - 2*j + 12121. What is the hundreds digit of (g/(-15) + -5)*(-3)/v?
2
Let n(w) = 200*w**2 + 123*w - 1151. What is the hundreds digit of n(9)?
1
Let o(y) = 207*y**2 - 116*y - 1524. What is the units digit of o(-11)?
9
Suppose 0 = -9*c + 4*c + 3*y + 8050, 4*c - 6440 = y. What is the units digit of c?
0
What is the tens digit of (-1035)/(27/4932*-4)?
6
Suppose 6*r + 10364 = 2*z + 11*r, -5*z - 3*r = -25910. What is the hundreds digit of z?
1
Let m be (6/(-30) + 1)/((-1)/(-15)). Let d(v) = 12*v + 2 + 11*v**2 - v + 10*v - 7*v - v**3. What is the tens digit of d(m)?
2
Let d(w) = -33*w - 368. Let k be d(-11). Let m(p) = -2*p - 4. Let o(r) = -9*r - 15. Let g(l) = -15*m(l) + 4*o(l). What is the units digit of g(k)?
0
Let c(v) = v**2 + 9*v + 32. Let s be c(-9). What is the units digit of ((-1000)/(-32))/(1 - 30/s)?
0
Let i(h) = 5*h + h**2 + h**3 + 2*h + 3*h**2 + 6*h**2 - 4. Let u be i(-6). What is the tens digit of (-7 - -4) + -1 + u?
9
Let t(q) = 760*q + 3050. What is the ten thousands digit of t(43)?
3
Suppose -635 = -9*t + 5566. Let h = -107 + t. What is the units digit of h?
2
Suppose 5*s = -3*s + 1224. What is the hundreds digit of 19618/s + 2/(-9)?
1
Let v(x) = 2*x + 7. Let k be v(-3). Suppose 4*h + 0*h = 3*t + 23, -3*h - t = -k. Suppose -57 + 171 = h*w. What is the tens digit of w?
5
Let l(o) = o**3 + 13*o**2 - 5*o + 27. Let c be l(-12). Suppose -266 = 2*j - 82. Let i = j + c. What is the hundreds digit of i?
1
Let a = 187 - 184. Suppose 5*v - 2220 = a*m, -1119 = -2*v - 3*m - 231. What is the hundreds digit of v?
4
What is the units digit of (-1 + 8000)/(-7 - -8)?
9
Suppose 5*p + 2*j - 10 = -0*j, 2*j - 6 = -4*p. Suppose -2*n + 2730 - 866 = 3*f, 0 = p*f + n - 2477. What is the units digit of f?
8
Suppose 16 = -5*b - 74. Let q 